{"id":952,"date":"2020-09-14T10:19:49","date_gmt":"2020-09-14T08:19:49","guid":{"rendered":"http:\/\/vraipluslocal.fr\/?page_id=952"},"modified":"2020-10-02T15:37:12","modified_gmt":"2020-10-02T13:37:12","slug":"les-produits-et-services","status":"publish","type":"page","link":"https:\/\/vraipluslocal.fr\/index.php\/les-produits-et-services\/","title":{"rendered":"Les produits et services"},"content":{"rendered":"\t\t<div data-elementor-type=\"wp-page\" data-elementor-id=\"952\" class=\"elementor elementor-952\">\n\t\t\t\t\t\t<section class=\"elementor-section elementor-top-section elementor-element elementor-element-90156c9 elementor-section-full_width elementor-section-height-min-height elementor-section-stretched elementor-section-height-default elementor-section-items-middle\" data-id=\"90156c9\" data-element_type=\"section\" data-settings=\"{&quot;stretch_section&quot;:&quot;section-stretched&quot;,&quot;background_background&quot;:&quot;classic&quot;}\">\n\t\t\t\t\t\t\t<div class=\"elementor-background-overlay\"><\/div>\n\t\t\t\t\t\t\t<div class=\"elementor-container elementor-column-gap-default\">\n\t\t\t\t\t<div class=\"elementor-column elementor-col-100 elementor-top-column elementor-element elementor-element-77b60a6\" data-id=\"77b60a6\" data-element_type=\"column\">\n\t\t\t<div class=\"elementor-widget-wrap elementor-element-populated\">\n\t\t\t\t\t\t<div class=\"elementor-element elementor-element-97534d1 elementor-absolute elementor-hidden-tablet elementor-hidden-phone elementor-widget elementor-widget-image\" data-id=\"97534d1\" data-element_type=\"widget\" data-settings=\"{&quot;_position&quot;:&quot;absolute&quot;}\" data-widget_type=\"image.default\">\n\t\t\t\t<div class=\"elementor-widget-container\">\n\t\t\t\t\t\t\t\t\t\t\t\t\t\t\t<img fetchpriority=\"high\" decoding=\"async\" width=\"300\" height=\"224\" src=\"https:\/\/vraipluslocal.fr\/wp-content\/uploads\/2020\/09\/Logo-triangle-pour-site-fond-transparent-1-1-300x224.png\" class=\"attachment-medium size-medium wp-image-1031\" alt=\"\" srcset=\"https:\/\/vraipluslocal.fr\/wp-content\/uploads\/2020\/09\/Logo-triangle-pour-site-fond-transparent-1-1-300x224.png 300w, https:\/\/vraipluslocal.fr\/wp-content\/uploads\/2020\/09\/Logo-triangle-pour-site-fond-transparent-1-1-768x575.png 768w, https:\/\/vraipluslocal.fr\/wp-content\/uploads\/2020\/09\/Logo-triangle-pour-site-fond-transparent-1-1.png 1017w\" sizes=\"(max-width: 300px) 100vw, 300px\" \/>\t\t\t\t\t\t\t\t\t\t\t\t\t\t\t<\/div>\n\t\t\t\t<\/div>\n\t\t\t\t<div class=\"elementor-element elementor-element-2d65e3a elementor-widget elementor-widget-text-editor\" data-id=\"2d65e3a\" data-element_type=\"widget\" data-widget_type=\"text-editor.default\">\n\t\t\t\t<div class=\"elementor-widget-container\">\n\t\t\t\t\t\t\t\t\t<p>Les produits et services<\/p>\t\t\t\t\t\t\t\t<\/div>\n\t\t\t\t<\/div>\n\t\t\t\t<div class=\"elementor-element elementor-element-b9b7ebe elementor-widget elementor-widget-text-editor\" data-id=\"b9b7ebe\" data-element_type=\"widget\" data-widget_type=\"text-editor.default\">\n\t\t\t\t<div class=\"elementor-widget-container\">\n\t\t\t\t\t\t\t\t\t<p><a href=\"https:\/\/projet.vraipluslocal.fr\/\">Accueil<\/a> \/ Les produits et services\u00a0<\/p>\t\t\t\t\t\t\t\t<\/div>\n\t\t\t\t<\/div>\n\t\t\t\t\t<\/div>\n\t\t<\/div>\n\t\t\t\t\t<\/div>\n\t\t<\/section>\n\t\t\t\t<section class=\"elementor-section elementor-top-section elementor-element elementor-element-2dea450 elementor-section-boxed elementor-section-height-default elementor-section-height-default\" data-id=\"2dea450\" data-element_type=\"section\">\n\t\t\t\t\t\t<div class=\"elementor-container elementor-column-gap-default\">\n\t\t\t\t\t<div class=\"elementor-column elementor-col-100 elementor-top-column elementor-element elementor-element-c8ddde6\" data-id=\"c8ddde6\" data-element_type=\"column\">\n\t\t\t<div class=\"elementor-widget-wrap elementor-element-populated\">\n\t\t\t\t\t\t<div class=\"elementor-element elementor-element-28e1979 elementor-widget elementor-widget-text-editor\" data-id=\"28e1979\" data-element_type=\"widget\" data-widget_type=\"text-editor.default\">\n\t\t\t\t<div class=\"elementor-widget-container\">\n\t\t\t\t\t\t\t\t\t<p>Une GAMME COMPLETE 100% LOCALE\u00a0<\/p>\t\t\t\t\t\t\t\t<\/div>\n\t\t\t\t<\/div>\n\t\t\t\t\t<\/div>\n\t\t<\/div>\n\t\t\t\t\t<\/div>\n\t\t<\/section>\n\t\t\t\t<section class=\"elementor-section elementor-top-section elementor-element elementor-element-088d82d elementor-section-boxed elementor-section-height-default elementor-section-height-default\" data-id=\"088d82d\" data-element_type=\"section\">\n\t\t\t\t\t\t<div class=\"elementor-container elementor-column-gap-default\">\n\t\t\t\t\t<div class=\"elementor-column elementor-col-100 elementor-top-column elementor-element elementor-element-f09aa3e\" data-id=\"f09aa3e\" data-element_type=\"column\">\n\t\t\t<div class=\"elementor-widget-wrap elementor-element-populated\">\n\t\t\t\t\t\t<div class=\"elementor-element elementor-element-25b9bdf elementor-widget elementor-widget-text-editor\" data-id=\"25b9bdf\" data-element_type=\"widget\" data-widget_type=\"text-editor.default\">\n\t\t\t\t<div class=\"elementor-widget-container\">\n\t\t\t\t\t\t\t\t\t<p><span data-contrast=\"auto\">L\u2019objectif de\u00a0<\/span><span data-contrast=\"auto\">Vrai+\u00a0<\/span><span data-contrast=\"auto\">est de proposer une <strong>GAMME COMPLETE 100% LOCALE<\/strong> de <strong>produits alimentaires<\/strong> et <strong>non alimentaires<\/strong> ainsi que des <strong>services essentiels<\/strong> du quotidien permettant de <strong>d\u00e9mocratiser la consommation locale<\/strong> et de <strong>r\u00e9duire l&rsquo;impact humain <\/strong>sur l&rsquo;environnement (r\u00e9paration, recyclage, partage de biens, &#8230;)<\/span><\/p><p>Tous les produits et services seront imp\u00e9rativement s\u00e9lectionn\u00e9s selon les crit\u00e8res <strong>qualitatifs, soci\u00e9taux et environnementaux<\/strong>.<\/p><p>Vrai+ Local se veut un<strong> march\u00e9 de produits et services<\/strong> vertueux pour l&rsquo;\u00e9conomie locale.\u00a0<\/p>\t\t\t\t\t\t\t\t<\/div>\n\t\t\t\t<\/div>\n\t\t\t\t\t<\/div>\n\t\t<\/div>\n\t\t\t\t\t<\/div>\n\t\t<\/section>\n\t\t\t\t<section class=\"elementor-section elementor-top-section elementor-element elementor-element-cdaf494 elementor-section-boxed elementor-section-height-default elementor-section-height-default\" data-id=\"cdaf494\" data-element_type=\"section\">\n\t\t\t\t\t\t<div class=\"elementor-container elementor-column-gap-default\">\n\t\t\t\t\t<div class=\"elementor-column elementor-col-100 elementor-top-column elementor-element elementor-element-40d1e14\" data-id=\"40d1e14\" data-element_type=\"column\">\n\t\t\t<div class=\"elementor-widget-wrap elementor-element-populated\">\n\t\t\t\t\t\t<div class=\"elementor-element elementor-element-59ac370 elementor-widget elementor-widget-image\" data-id=\"59ac370\" data-element_type=\"widget\" data-widget_type=\"image.default\">\n\t\t\t\t<div class=\"elementor-widget-container\">\n\t\t\t\t\t\t\t\t\t\t\t\t\t\t\t\t<a href=\"https:\/\/projet.vraipluslocal.fr\/wp-content\/uploads\/2020\/10\/offre-produits-et-services2-1.png\" data-elementor-open-lightbox=\"yes\" data-elementor-lightbox-title=\"offre produits et services2\" data-e-action-hash=\"#elementor-action%3Aaction%3Dlightbox%26settings%3DeyJpZCI6Mjk3MCwidXJsIjoiaHR0cHM6XC9cL3ZyYWlwbHVzbG9jYWwuZnJcL3dwLWNvbnRlbnRcL3VwbG9hZHNcLzIwMjBcLzEwXC9vZmZyZS1wcm9kdWl0cy1ldC1zZXJ2aWNlczItMS5wbmcifQ%3D%3D\">\n\t\t\t\t\t\t\t<img decoding=\"async\" width=\"1988\" height=\"896\" src=\"https:\/\/vraipluslocal.fr\/wp-content\/uploads\/2020\/10\/offre-produits-et-services2-1.png\" class=\"attachment-2048x2048 size-2048x2048 wp-image-2970\" alt=\"\" srcset=\"https:\/\/vraipluslocal.fr\/wp-content\/uploads\/2020\/10\/offre-produits-et-services2-1.png 1988w, https:\/\/vraipluslocal.fr\/wp-content\/uploads\/2020\/10\/offre-produits-et-services2-1-300x135.png 300w, https:\/\/vraipluslocal.fr\/wp-content\/uploads\/2020\/10\/offre-produits-et-services2-1-1024x462.png 1024w, https:\/\/vraipluslocal.fr\/wp-content\/uploads\/2020\/10\/offre-produits-et-services2-1-768x346.png 768w, https:\/\/vraipluslocal.fr\/wp-content\/uploads\/2020\/10\/offre-produits-et-services2-1-1536x692.png 1536w\" sizes=\"(max-width: 1988px) 100vw, 1988px\" \/>\t\t\t\t\t\t\t\t<\/a>\n\t\t\t\t\t\t\t\t\t\t\t\t\t\t\t<\/div>\n\t\t\t\t<\/div>\n\t\t\t\t\t<\/div>\n\t\t<\/div>\n\t\t\t\t\t<\/div>\n\t\t<\/section>\n\t\t\t\t<section class=\"elementor-section elementor-top-section elementor-element elementor-element-0dcfb8c elementor-section-boxed elementor-section-height-default elementor-section-height-default\" data-id=\"0dcfb8c\" data-element_type=\"section\">\n\t\t\t\t\t\t<div class=\"elementor-container elementor-column-gap-default\">\n\t\t\t\t\t<div class=\"elementor-column elementor-col-100 elementor-top-column elementor-element elementor-element-0690770\" data-id=\"0690770\" data-element_type=\"column\">\n\t\t\t<div class=\"elementor-widget-wrap elementor-element-populated\">\n\t\t\t\t\t\t<div class=\"elementor-element elementor-element-54b06f1 elementor-widget elementor-widget-text-editor\" data-id=\"54b06f1\" data-element_type=\"widget\" data-widget_type=\"text-editor.default\">\n\t\t\t\t<div class=\"elementor-widget-container\">\n\t\t\t\t\t\t\t\t\t<p><span style=\"text-decoration: underline;\">Les produits seront s\u00e9lectionn\u00e9s sur 3 crit\u00e8res fondamentaux :<\/span>\u00a0<\/p><ul><li><strong>Le local<\/strong> : pour nous, ce sont des producteurs et artisans install\u00e9s dans un rayon de 150Km maximum. Et comme nous sommes de La Rochelle nous privil\u00e9gions l&rsquo;origine \u00ab\u00a0Charente-Maritime\u00a0\u00bb et \u00ab\u00a0Nouvelle Aquitaine\u00a0\u00bb pour vous proposer les meilleurs produits du d\u00e9partement et de la r\u00e9gion.\u00a0<\/li><li><strong>Le bio<\/strong> : pour vous, nous s\u00e9lectionnons des produits de saisons issus de l&rsquo;agriculture biologique, familiale et durable. Par ailleurs, le GAB 17 nous aide \u00e0 trouver les producteurs les plus pertinents.\u00a0<\/li><li><strong>La fra\u00eecheur<\/strong> : pour vos papilles, tous les produits sont r\u00e9colt\u00e9s dans les 3 jours pr\u00e9c\u00e9dant votre commande afin de vos garantir une qualit\u00e9 nutritionnelle et gustative maximale.\u00a0<\/li><\/ul><p><span style=\"text-decoration: underline;\">Les services<\/span> permettant de r\u00e9duire les impacts humains sur l&rsquo;environnement seront par exemple :<\/p><ul><li>Couture et cordonnerie<\/li><li>Blanchisserie : repassage et pressing<\/li><li>R\u00e9paration. Par exemple : t\u00e9l\u00e9phones portables, petits \u00e9lectrom\u00e9nagers, &#8230;<\/li><li>R\u00e9cup\u00e9ration pour recyclage<\/li><li>Recharge ou r\u00e9g\u00e9n\u00e9ration. Par exemple : cartouches d&rsquo;imprimante, recharge d&rsquo;eau gazeuse, &#8230;<\/li><\/ul><p>Mais aussi bricoth\u00e8que, ludoth\u00e8que, plateforme de pr\u00eat ou de vente de biens de 2nde mains entre particuliers.<\/p>\t\t\t\t\t\t\t\t<\/div>\n\t\t\t\t<\/div>\n\t\t\t\t\t<\/div>\n\t\t<\/div>\n\t\t\t\t\t<\/div>\n\t\t<\/section>\n\t\t\t\t<\/div>\n\t\t","protected":false},"excerpt":{"rendered":"<p>Les produits et services Accueil \/ Les produits et services\u00a0 Une GAMME COMPLETE 100% LOCALE\u00a0 L\u2019objectif de\u00a0Vrai+\u00a0est de proposer une GAMME COMPLETE 100% LOCALE de produits alimentaires et non alimentaires ainsi que des services essentiels du quotidien permettant de d\u00e9mocratiser la consommation locale et de r\u00e9duire l&rsquo;impact humain sur l&rsquo;environnement (r\u00e9paration, recyclage, partage de biens, [&hellip;]<\/p>\n","protected":false},"author":1,"featured_media":1511,"parent":0,"menu_order":0,"comment_status":"closed","ping_status":"closed","template":"","meta":{"_monsterinsights_skip_tracking":false,"_monsterinsights_sitenote_active":false,"_monsterinsights_sitenote_note":"","_monsterinsights_sitenote_category":0,"ocean_post_layout":"","ocean_both_sidebars_style":"","ocean_both_sidebars_content_width":0,"ocean_both_sidebars_sidebars_width":0,"ocean_sidebar":"","ocean_second_sidebar":"","ocean_disable_margins":"enable","ocean_add_body_class":"","ocean_shortcode_before_top_bar":"","ocean_shortcode_after_top_bar":"","ocean_shortcode_before_header":"","ocean_shortcode_after_header":"","ocean_has_shortcode":"","ocean_shortcode_after_title":"","ocean_shortcode_before_footer_widgets":"","ocean_shortcode_after_footer_widgets":"","ocean_shortcode_before_footer_bottom":"","ocean_shortcode_after_footer_bottom":"","ocean_display_top_bar":"default","ocean_display_header":"default","ocean_header_style":"","ocean_center_header_left_menu":"","ocean_custom_header_template":"","ocean_custom_logo":0,"ocean_custom_retina_logo":0,"ocean_custom_logo_max_width":0,"ocean_custom_logo_tablet_max_width":0,"ocean_custom_logo_mobile_max_width":0,"ocean_custom_logo_max_height":0,"ocean_custom_logo_tablet_max_height":0,"ocean_custom_logo_mobile_max_height":0,"ocean_header_custom_menu":"","ocean_menu_typo_font_family":"","ocean_menu_typo_font_subset":"","ocean_menu_typo_font_size":0,"ocean_menu_typo_font_size_tablet":0,"ocean_menu_typo_font_size_mobile":0,"ocean_menu_typo_font_size_unit":"px","ocean_menu_typo_font_weight":"","ocean_menu_typo_font_weight_tablet":"","ocean_menu_typo_font_weight_mobile":"","ocean_menu_typo_transform":"","ocean_menu_typo_transform_tablet":"","ocean_menu_typo_transform_mobile":"","ocean_menu_typo_line_height":0,"ocean_menu_typo_line_height_tablet":0,"ocean_menu_typo_line_height_mobile":0,"ocean_menu_typo_line_height_unit":"","ocean_menu_typo_spacing":0,"ocean_menu_typo_spacing_tablet":0,"ocean_menu_typo_spacing_mobile":0,"ocean_menu_typo_spacing_unit":"","ocean_menu_link_color":"","ocean_menu_link_color_hover":"","ocean_menu_link_color_active":"","ocean_menu_link_background":"","ocean_menu_link_hover_background":"","ocean_menu_link_active_background":"","ocean_menu_social_links_bg":"","ocean_menu_social_hover_links_bg":"","ocean_menu_social_links_color":"","ocean_menu_social_hover_links_color":"","ocean_disable_title":"default","ocean_disable_heading":"default","ocean_post_title":"","ocean_post_subheading":"","ocean_post_title_style":"","ocean_post_title_background_color":"","ocean_post_title_background":0,"ocean_post_title_bg_image_position":"","ocean_post_title_bg_image_attachment":"","ocean_post_title_bg_image_repeat":"","ocean_post_title_bg_image_size":"","ocean_post_title_height":0,"ocean_post_title_bg_overlay":0.5,"ocean_post_title_bg_overlay_color":"","ocean_disable_breadcrumbs":"default","ocean_breadcrumbs_color":"","ocean_breadcrumbs_separator_color":"","ocean_breadcrumbs_links_color":"","ocean_breadcrumbs_links_hover_color":"","ocean_display_footer_widgets":"default","ocean_display_footer_bottom":"default","ocean_custom_footer_template":"","footnotes":""},"class_list":["post-952","page","type-page","status-publish","has-post-thumbnail","hentry","entry","has-media"],"yoast_head":"<!-- This site is optimized with the Yoast SEO plugin v26.8 - https:\/\/yoast.com\/product\/yoast-seo-wordpress\/ -->\n<title>Les produits et services - Vrai + Local<\/title>\n<meta name=\"description\" content=\"L\u2019objectif de Vrai+ est de proposer une GAMME COMPLETE 100% LOCALE de produits alimentaires et non alimentaires ainsi que des services essentiels du quotidien permettant de d\u00e9mocratiser la consommation locale et de r\u00e9duire l\u2019impact humain sur l\u2019environnement (r\u00e9paration, recyclage, partage de biens, \u2026)\" \/>\n<meta name=\"robots\" content=\"index, follow, max-snippet:-1, max-image-preview:large, max-video-preview:-1\" \/>\n<link rel=\"canonical\" href=\"https:\/\/vraipluslocal.fr\/index.php\/les-produits-et-services\/\" \/>\n<meta property=\"og:locale\" content=\"fr_FR\" \/>\n<meta property=\"og:type\" content=\"article\" \/>\n<meta property=\"og:title\" content=\"Les produits et services - Vrai + Local\" \/>\n<meta property=\"og:description\" content=\"L\u2019objectif de Vrai+ est de proposer une GAMME COMPLETE 100% LOCALE de produits alimentaires et non alimentaires ainsi que des services essentiels du quotidien permettant de d\u00e9mocratiser la consommation locale et de r\u00e9duire l\u2019impact humain sur l\u2019environnement (r\u00e9paration, recyclage, partage de biens, \u2026)\" \/>\n<meta property=\"og:url\" content=\"https:\/\/vraipluslocal.fr\/index.php\/les-produits-et-services\/\" \/>\n<meta property=\"og:site_name\" content=\"Vrai + Local\" \/>\n<meta property=\"article:modified_time\" content=\"2020-10-02T13:37:12+00:00\" \/>\n<meta property=\"og:image\" content=\"https:\/\/vraipluslocal.fr\/wp-content\/uploads\/2020\/09\/10296242-courses-alimentaires-qui-sont-les-clients-des-circuits-courts.jpg\" \/>\n\t<meta property=\"og:image:width\" content=\"1280\" \/>\n\t<meta property=\"og:image:height\" content=\"853\" \/>\n\t<meta property=\"og:image:type\" content=\"image\/jpeg\" \/>\n<meta name=\"twitter:card\" content=\"summary_large_image\" \/>\n<meta name=\"twitter:label1\" content=\"Dur\u00e9e de lecture estim\u00e9e\" \/>\n\t<meta name=\"twitter:data1\" content=\"1 minute\" \/>\n<script type=\"application\/ld+json\" class=\"yoast-schema-graph\">{\"@context\":\"https:\/\/schema.org\",\"@graph\":[{\"@type\":\"WebPage\",\"@id\":\"https:\/\/vraipluslocal.fr\/index.php\/les-produits-et-services\/\",\"url\":\"https:\/\/vraipluslocal.fr\/index.php\/les-produits-et-services\/\",\"name\":\"Les produits et services - Vrai + Local\",\"isPartOf\":{\"@id\":\"https:\/\/vraipluslocal.fr\/#website\"},\"primaryImageOfPage\":{\"@id\":\"https:\/\/vraipluslocal.fr\/index.php\/les-produits-et-services\/#primaryimage\"},\"image\":{\"@id\":\"https:\/\/vraipluslocal.fr\/index.php\/les-produits-et-services\/#primaryimage\"},\"thumbnailUrl\":\"https:\/\/vraipluslocal.fr\/wp-content\/uploads\/2020\/09\/10296242-courses-alimentaires-qui-sont-les-clients-des-circuits-courts.jpg\",\"datePublished\":\"2020-09-14T08:19:49+00:00\",\"dateModified\":\"2020-10-02T13:37:12+00:00\",\"description\":\"L\u2019objectif de Vrai+ est de proposer une GAMME COMPLETE 100% LOCALE de produits alimentaires et non alimentaires ainsi que des services essentiels du quotidien permettant de d\u00e9mocratiser la consommation locale et de r\u00e9duire l\u2019impact humain sur l\u2019environnement (r\u00e9paration, recyclage, partage de biens, \u2026)\",\"breadcrumb\":{\"@id\":\"https:\/\/vraipluslocal.fr\/index.php\/les-produits-et-services\/#breadcrumb\"},\"inLanguage\":\"fr-FR\",\"potentialAction\":[{\"@type\":\"ReadAction\",\"target\":[\"https:\/\/vraipluslocal.fr\/index.php\/les-produits-et-services\/\"]}]},{\"@type\":\"ImageObject\",\"inLanguage\":\"fr-FR\",\"@id\":\"https:\/\/vraipluslocal.fr\/index.php\/les-produits-et-services\/#primaryimage\",\"url\":\"https:\/\/vraipluslocal.fr\/wp-content\/uploads\/2020\/09\/10296242-courses-alimentaires-qui-sont-les-clients-des-circuits-courts.jpg\",\"contentUrl\":\"https:\/\/vraipluslocal.fr\/wp-content\/uploads\/2020\/09\/10296242-courses-alimentaires-qui-sont-les-clients-des-circuits-courts.jpg\",\"width\":1280,\"height\":853},{\"@type\":\"BreadcrumbList\",\"@id\":\"https:\/\/vraipluslocal.fr\/index.php\/les-produits-et-services\/#breadcrumb\",\"itemListElement\":[{\"@type\":\"ListItem\",\"position\":1,\"name\":\"Accueil\",\"item\":\"https:\/\/vraipluslocal.fr\/\"},{\"@type\":\"ListItem\",\"position\":2,\"name\":\"Les produits et services\"}]},{\"@type\":\"WebSite\",\"@id\":\"https:\/\/vraipluslocal.fr\/#website\",\"url\":\"https:\/\/vraipluslocal.fr\/\",\"name\":\"Vrai + Local\",\"description\":\"Le 1er Drive mobile qui r\u00e9volutionne le circuit-court \u00e0 La Rochelle\",\"potentialAction\":[{\"@type\":\"SearchAction\",\"target\":{\"@type\":\"EntryPoint\",\"urlTemplate\":\"https:\/\/vraipluslocal.fr\/?s={search_term_string}\"},\"query-input\":{\"@type\":\"PropertyValueSpecification\",\"valueRequired\":true,\"valueName\":\"search_term_string\"}}],\"inLanguage\":\"fr-FR\"}]}<\/script>\n<!-- \/ Yoast SEO plugin. -->","yoast_head_json":{"title":"Les produits et services - Vrai + Local","description":"L\u2019objectif de Vrai+ est de proposer une GAMME COMPLETE 100% LOCALE de produits alimentaires et non alimentaires ainsi que des services essentiels du quotidien permettant de d\u00e9mocratiser la consommation locale et de r\u00e9duire l\u2019impact humain sur l\u2019environnement (r\u00e9paration, recyclage, partage de biens, \u2026)","robots":{"index":"index","follow":"follow","max-snippet":"max-snippet:-1","max-image-preview":"max-image-preview:large","max-video-preview":"max-video-preview:-1"},"canonical":"https:\/\/vraipluslocal.fr\/index.php\/les-produits-et-services\/","og_locale":"fr_FR","og_type":"article","og_title":"Les produits et services - Vrai + Local","og_description":"L\u2019objectif de Vrai+ est de proposer une GAMME COMPLETE 100% LOCALE de produits alimentaires et non alimentaires ainsi que des services essentiels du quotidien permettant de d\u00e9mocratiser la consommation locale et de r\u00e9duire l\u2019impact humain sur l\u2019environnement (r\u00e9paration, recyclage, partage de biens, \u2026)","og_url":"https:\/\/vraipluslocal.fr\/index.php\/les-produits-et-services\/","og_site_name":"Vrai + Local","article_modified_time":"2020-10-02T13:37:12+00:00","og_image":[{"width":1280,"height":853,"url":"https:\/\/vraipluslocal.fr\/wp-content\/uploads\/2020\/09\/10296242-courses-alimentaires-qui-sont-les-clients-des-circuits-courts.jpg","type":"image\/jpeg"}],"twitter_card":"summary_large_image","twitter_misc":{"Dur\u00e9e de lecture estim\u00e9e":"1 minute"},"schema":{"@context":"https:\/\/schema.org","@graph":[{"@type":"WebPage","@id":"https:\/\/vraipluslocal.fr\/index.php\/les-produits-et-services\/","url":"https:\/\/vraipluslocal.fr\/index.php\/les-produits-et-services\/","name":"Les produits et services - Vrai + Local","isPartOf":{"@id":"https:\/\/vraipluslocal.fr\/#website"},"primaryImageOfPage":{"@id":"https:\/\/vraipluslocal.fr\/index.php\/les-produits-et-services\/#primaryimage"},"image":{"@id":"https:\/\/vraipluslocal.fr\/index.php\/les-produits-et-services\/#primaryimage"},"thumbnailUrl":"https:\/\/vraipluslocal.fr\/wp-content\/uploads\/2020\/09\/10296242-courses-alimentaires-qui-sont-les-clients-des-circuits-courts.jpg","datePublished":"2020-09-14T08:19:49+00:00","dateModified":"2020-10-02T13:37:12+00:00","description":"L\u2019objectif de Vrai+ est de proposer une GAMME COMPLETE 100% LOCALE de produits alimentaires et non alimentaires ainsi que des services essentiels du quotidien permettant de d\u00e9mocratiser la consommation locale et de r\u00e9duire l\u2019impact humain sur l\u2019environnement (r\u00e9paration, recyclage, partage de biens, \u2026)","breadcrumb":{"@id":"https:\/\/vraipluslocal.fr\/index.php\/les-produits-et-services\/#breadcrumb"},"inLanguage":"fr-FR","potentialAction":[{"@type":"ReadAction","target":["https:\/\/vraipluslocal.fr\/index.php\/les-produits-et-services\/"]}]},{"@type":"ImageObject","inLanguage":"fr-FR","@id":"https:\/\/vraipluslocal.fr\/index.php\/les-produits-et-services\/#primaryimage","url":"https:\/\/vraipluslocal.fr\/wp-content\/uploads\/2020\/09\/10296242-courses-alimentaires-qui-sont-les-clients-des-circuits-courts.jpg","contentUrl":"https:\/\/vraipluslocal.fr\/wp-content\/uploads\/2020\/09\/10296242-courses-alimentaires-qui-sont-les-clients-des-circuits-courts.jpg","width":1280,"height":853},{"@type":"BreadcrumbList","@id":"https:\/\/vraipluslocal.fr\/index.php\/les-produits-et-services\/#breadcrumb","itemListElement":[{"@type":"ListItem","position":1,"name":"Accueil","item":"https:\/\/vraipluslocal.fr\/"},{"@type":"ListItem","position":2,"name":"Les produits et services"}]},{"@type":"WebSite","@id":"https:\/\/vraipluslocal.fr\/#website","url":"https:\/\/vraipluslocal.fr\/","name":"Vrai + Local","description":"Le 1er Drive mobile qui r\u00e9volutionne le circuit-court \u00e0 La Rochelle","potentialAction":[{"@type":"SearchAction","target":{"@type":"EntryPoint","urlTemplate":"https:\/\/vraipluslocal.fr\/?s={search_term_string}"},"query-input":{"@type":"PropertyValueSpecification","valueRequired":true,"valueName":"search_term_string"}}],"inLanguage":"fr-FR"}]}},"_links":{"self":[{"href":"https:\/\/vraipluslocal.fr\/index.php\/wp-json\/wp\/v2\/pages\/952","targetHints":{"allow":["GET"]}}],"collection":[{"href":"https:\/\/vraipluslocal.fr\/index.php\/wp-json\/wp\/v2\/pages"}],"about":[{"href":"https:\/\/vraipluslocal.fr\/index.php\/wp-json\/wp\/v2\/types\/page"}],"author":[{"embeddable":true,"href":"https:\/\/vraipluslocal.fr\/index.php\/wp-json\/wp\/v2\/users\/1"}],"replies":[{"embeddable":true,"href":"https:\/\/vraipluslocal.fr\/index.php\/wp-json\/wp\/v2\/comments?post=952"}],"version-history":[{"count":69,"href":"https:\/\/vraipluslocal.fr\/index.php\/wp-json\/wp\/v2\/pages\/952\/revisions"}],"predecessor-version":[{"id":3071,"href":"https:\/\/vraipluslocal.fr\/index.php\/wp-json\/wp\/v2\/pages\/952\/revisions\/3071"}],"wp:featuredmedia":[{"embeddable":true,"href":"https:\/\/vraipluslocal.fr\/index.php\/wp-json\/wp\/v2\/media\/1511"}],"wp:attachment":[{"href":"https:\/\/vraipluslocal.fr\/index.php\/wp-json\/wp\/v2\/media?parent=952"}],"curies":[{"name":"wp","href":"https:\/\/api.w.org\/{rel}","templated":true}]}}